late the highest common factor of 93104142 and 24.
6
What is the highest common divisor of 1638 and 16010022?
42
What is the greatest common factor of 130 and 109326730?
10
What is the highest common divisor of 14136016 and 24?
8
What is the greatest common divisor of 15070 and 1012430?
1370
What is the highest common divisor of 5093371 and 288511?
1097
What is the highest common factor of 100240 and 1082865?
35
What is the greatest common factor of 2035 and 1446589?
37
What is the greatest common factor of 8465106 and 24?
6
What is the greatest common factor of 142968423 and 507?
507
What is the highest common factor of 62 and 172460161?
31
Calculate the highest common factor of 213298263 and 36.
9
Calculate the greatest common factor of 36053 and 358949.
31
What is the highest common factor of 378927 and 18383?
593
What is the highest common divisor of 192727 and 217?
31
Calculate the highest common factor of 470496195 and 26.
13
Calculate the greatest common factor of 2227068 and 1812.
12
Calculate the highest common factor of 1425 and 4128149.
19
What is the greatest common factor of 872 and 12300432?
872
Calculate the greatest common factor of 16851883 and 178.
89
What is the highest common divisor of 71946 and 104311422?
10278
Calculate the greatest common divisor of 41595 and 99120.
885
Calculate the highest common factor of 7336048 and 5088.
848
Calculate the highest common factor of 16891316 and 52.
52
Calculate the greatest common divisor of 6953 and 153493.
17
Calculate the highest common divisor of 1858 and 111202229.
929
What is the greatest common divisor of 569 and 3944877?
569
Calculate the greatest common factor of 174557467 and 7693.
1099
Calculate the highest common factor of 290 and 860494090.
290
What is the highest common divisor of 249690 and 584850?
210
Calculate the highest common factor of 367832 and 7064.
8
Calculate the greatest common divisor of 9063594 and 3906.
558
What is the greatest common divisor of 779 and 137375871?
779
Calculate the greatest common factor of 11251330 and 4070.
370
Calculate the greatest common factor of 42800 and 73300.
100
What is the highest common factor of 118830680 and 7480?
680
What is the greatest common divisor of 28698 and 366378?
6
What is the greatest common factor of 14643571 and 69?
23
Calculate the highest common factor of 296298 and 3348486.
3186
What is the greatest common factor of 40109615 and 2135?
35
What is the highest common divisor of 3403764 and 952?
28
What is the highest common factor of 517738 and 2782?
26
Calculate the highest common factor of 7651162 and 18490.
3698
Calculate the greatest common divisor of 17 and 716891904.
17
What is the greatest common factor of 1179302992 and 1176?
392
Calculate the greatest common divisor of 825543 and 4437.
261
Calculate the highest common divisor of 25210815 and 12635.
665
Calculate the greatest common divisor of 122984795 and 15341.
667
What is the greatest common divisor of 805179 and 204531?
2589
What is the greatest common factor of 2944 and 64873248?
736
What is the greatest common factor of 14638 and 11772893?
563
Calculate the greatest common factor of 2004 and 19360143.
501
Calculate the greatest common factor of 64081383 and 597.
597
Calculate the highest common factor of 46353274 and 519.
173
Calculate the highest common factor of 401700 and 425100.
3900
Calculate the highest common factor of 21 and 1140692.
7
What is the greatest common factor of 975 and 710280?
15
Calculate the highest common divisor of 15 and 222931785.
15
Calculate the highest common divisor of 20 and 66104660.
20
What is the greatest common factor of 10090898 and 174?
58
Calculate the greatest common divisor of 95156028 and 456.
228
What is the greatest common divisor of 36 and 742059?
9
Calculate the highest common factor of 309046904 and 16.
8
Calculate the highest common factor of 12659934 and 306.
102
What is the greatest common divisor of 250558 and 302?
2
What is the greatest common divisor of 392223 and 186366?
267
What is the highest common divisor of 10623269 and 47?
47
What is the greatest common divisor of 28980075 and 4?
1
Calculate the greatest common divisor of 844 and 492709898.
422
What is the highest common divisor of 2626517833 and 289?
289
What is the highest common factor of 31073 and 112401?
23
Calculate the greatest common factor of 72090525 and 300.
75
Calculate the greatest common factor of 90 and 3635034570.
90
What is the highest common factor of 273325 and 5747365?
1885
Calculate the highest common divisor of 4962972 and 10248.
84
Calculate the highest common factor of 62109 and 906309.
603
What is the highest common divisor of 1251514 and 7965925?
3839
Calculate the highest common factor of 2865537 and 21951.
81
Calculate the highest common divisor of 1098320 and 320.
80
What is the greatest common divisor of 450696 and 2492?
356
What is the greatest common divisor of 103259532 and 48?
12
Calculate the highest common divisor of 598445 and 5.
5
What is the greatest common factor of 22519892 and 3486?
166
Calculate the highest common divisor of 23104 and 6946400.
608
Calculate the highest common factor of 27394059 and 396.
33
What is the highest common divisor of 3376 and 61724252?
844
What is the highest common factor of 4061 and 109337?
31
Calculate the highest common divisor of 1212 and 200337540.
1212
Calculate the highest common factor of 15635614 and 114886.
3706
What is the highest common divisor of 72738012 and 10480?
524
What is the greatest common divisor of 1521 and 55634631?
507
What is the greatest common divisor of 53130 and 160678?
322
What is the highest common divisor of 16352633 and 143?
11
What is the highest common divisor of 93 and 10059?
3
Calculate the highest common factor of 184544 and 2455136.
2336
What is the highest common factor of 13278748 and 84?
28
Calculate the greatest common divisor of 341710075 and 2450.
1225
Calculate the highest common factor of 21868 and 1192884.
308
What is the greatest common factor of 72 and 1431951?
3
What is the greatest common factor of 5839524 and 15?
3
Calculate the greatest common factor of 5510388 and 36.
12
What is the greatest common factor of 402190999 and 259?
259
What is the highest common factor of 7827035 and 465?
155
What is the greatest common divisor of 121293403 and 77?
77
What is the highest common divisor of 746790780 and 80?
20
What is the highest common divisor of 280134 and 5067234?
3546
What is the greatest common factor of 56069 and 167447?
19
Calculate the greatest common factor of 2291283 and 414.
207
Calculate the highest common divisor of 627935 and 2079.
77
Calculate the greatest common divisor of 14413594 and 52.
26
What is the greatest common divisor of 7539 and 253658271?
1077
What is the greatest common divisor of 179543 and 6617?
13
Calculate the highest common factor of 2440422 and 51138.
54
Calculate the highest common factor of 46933550 and 10.
10
Calculate the greatest common divisor of 240 and 142323060.
60
What is the greatest common divisor of 1853 and 528323?
109
What is the greatest common divisor of 114744 and 512232?
168
Calculate the greatest common divisor of 31254372 and 36.
36
What is the greatest common factor of 140 and 33193510?
70
Calculate the highest common factor of 4256 and 44707019.
133
What is the greatest common factor of 3757789 and 2077?
31
What is the greatest common factor of 93 and 3692317?
31
What is the greatest common factor of 63 and 43978137?
21
Calculate the greatest common factor of 181002 and 180129.
291
What is the highest common factor of 84565809 and 263?
263
What is the greatest common divisor of 40196 and 21885176?
3092
What is the greatest common factor of 2103 and 459835671?
2103
What is the greatest common factor of 7368 and 2867073?
921
Calculate the greatest common factor of 5215 and 280120.
745
What is the greatest common divisor of 671 and 6798023?
61
What is the highest common divisor of 2315380 and 560?
20
Calculate the greatest common divisor of 87655425 and 104.
13
Calculate the greatest common factor of 264 and 125883.
3
Calculate the greatest common factor of 664548675 and 6475.
6475
Calculate the greatest common divisor of 23108163 and 39.
39
Calculate the grea